n millions digit of 1134473472?
3
What is the thousands digit of 28274775?
4
What is the ten thousands digit of 18794673?
9
What is the tens digit of 91333089?
8
What is the tens digit of 513672539?
3
What is the ten thousands digit of 27688985?
8
What is the millions digit of 159293757?
9
What is the billions digit of 3996783999?
3
What is the units digit of 3645141202?
2
What is the hundreds digit of 79041962?
9
What is the thousands digit of 6719256?
9
What is the units digit of 387319805?
5
What is the thousands digit of 65667854?
7
What is the hundred thousands digit of 580165364?
1
What is the thousands digit of 993085553?
5
What is the thousands digit of 13046933?
6
What is the units digit of 626784122?
2
What is the thousands digit of 346716460?
6
What is the hundred thousands digit of 61415039?
4
What is the tens digit of 2372266322?
2
What is the units digit of 447526551?
1
What is the units digit of 59075307?
7
What is the tens digit of 198217539?
3
What is the hundred thousands digit of 29528227?
5
What is the ten thousands digit of 51294909?
9
What is the thousands digit of 1392279515?
9
What is the ten millions digit of 247338612?
4
What is the ten thousands digit of 204140506?
4
What is the millions digit of 441605904?
1
What is the ten millions digit of 5408149443?
0
What is the units digit of 21314233?
3
What is the thousands digit of 580858660?
8
What is the thousands digit of 1927004547?
4
What is the tens digit of 189646256?
5
What is the tens digit of 84301808?
0
What is the thousands digit of 82544070?
4
What is the units digit of 667368735?
5
What is the hundred thousands digit of 94174399?
1
What is the ten thousands digit of 533885377?
8
What is the hundred thousands digit of 62476347?
4
What is the units digit of 14436742?
2
What is the ten thousands digit of 112199891?
9
What is the hundred millions digit of 5471068130?
4
What is the hundreds digit of 797781856?
8
What is the hundred thousands digit of 291529799?
5
What is the units digit of 5665474008?
8
What is the hundred thousands digit of 1131742616?
7
What is the units digit of 73635876?
6
What is the ten millions digit of 1684351012?
8
What is the thousands digit of 29462575?
2
What is the units digit of 1512115763?
3
What is the millions digit of 126107230?
6
What is the units digit of 556958188?
8
What is the ten millions digit of 741997876?
4
What is the tens digit of 101976195?
9
What is the millions digit of 298868895?
8
What is the hundreds digit of 417758767?
7
What is the tens digit of 2557696761?
6
What is the ten thousands digit of 89487827?
8
What is the hundred millions digit of 103354599?
1
What is the hundred millions digit of 174181849?
1
What is the tens digit of 55824447?
4
What is the ten thousands digit of 1208488056?
8
What is the ten millions digit of 84986393?
8
What is the thousands digit of 921336618?
6
What is the tens digit of 580052465?
6
What is the ten millions digit of 30879617?
3
What is the hundreds digit of 56642133?
1
What is the hundred thousands digit of 250494315?
4
What is the hundreds digit of 89069861?
8
What is the hundreds digit of 431042489?
4
What is the units digit of 17486075?
5
What is the ten millions digit of 63362079?
6
What is the ten thousands digit of 10286548?
8
What is the millions digit of 39154224?
9
What is the hundreds digit of 28343328?
3
What is the ten thousands digit of 317186150?
8
What is the hundred thousands digit of 42793128?
7
What is the hundreds digit of 1348754264?
2
What is the units digit of 217107176?
6
What is the hundreds digit of 351811307?
3
What is the tens digit of 73870158?
5
What is the tens digit of 52990971?
7
What is the units digit of 48402711?
1
What is the thousands digit of 10651427?
1
What is the hundred millions digit of 1777902282?
7
What is the millions digit of 4396080572?
6
What is the millions digit of 166401928?
6
What is the units digit of 20251550?
0
What is the ten millions digit of 1013454865?
1
What is the ten thousands digit of 391428641?
2
What is the thousands digit of 61735694?
5
What is the units digit of 21068504?
4
What is the ten millions digit of 47389951?
4
What is the hundreds digit of 50526996?
9
What is the units digit of 21698424?
4
What is the ten millions digit of 537787362?
3
What is the billions digit of 1750342715?
1
What is the hundreds digit of 98978017?
0
What is the hundred thousands digit of 4719520551?
5
What is the thousands digit of 56205639?
5
What is the ten thousands digit of 460754708?
5
What is the millions digit of 71573360?
1
What is the tens digit of 442972060?
6
What is the thousands digit of 78295707?
5
What is the tens digit of 4798382462?
6
What is the tens digit of 312596880?
8
What is the hundred millions digit of 793505198?
7
What is the units digit of 388014834?
4
What is the units digit of 8439186665?
5
What is the thousands digit of 122032269?
2
What is the hundred thousands digit of 528078794?
0
What is the hundred millions digit of 617784323?
6
What is the units digit of 266605292?
2
What is the millions digit of 75214923?
5
What is the thousands digit of 193855880?
5
What is the hundreds digit of 2750136148?
1
What is the hundreds digit of 5639462941?
9
What is the millions digit of 5488868?
5
What is the hundred thousands digit of 2977162585?
1
What is the hundred millions digit of 639620994?
6
What is the ten millions digit of 3842305365?
4
What is the ten millions digit of 567928520?
6
What is the tens digit of 3786663086?
8
What is the tens digit of 24770375?
7
What is the hundreds digit of 37187978?
9
What is the millions digit of 486978417?
6
What is the millions digit of 1078234739?
8
What is the units digit of 38287044?
4
What is the hundreds digit of 1647787405?
4
What is the billions digit of 2286663648?
2
What is the ten thousands digit of 1557963624?
6
What is the hundreds digit of 14106652?
6
What is the hundred thousands digit of 398538841?
5
What is the tens digit of 5394678478?
7
What is the millions digit of 19665255?
9
What is the hundreds digit of 36754079?
0
What is the units digit of 434581705?
5
What is the hundred millions digit of 7935703632?
9
What is the ten thousands digit of 23444274?
4
What is the ten millions digit of 1214121550?
1
What is the hundred millions digit of 4410831349?
4
What is the units digit of 4601963605?
5
What is the hundred millions digit of 720506546?
7
What is the tens digit of 57614619?
1
What is the thousands digit of 81427944?
7
What is the units digit of 73392647?
7
What is the billions digit of 1803542188?
1
What is the hundred millions digit of 438085460?
4
What is the units digit of 122182369?
9
What is the ten thousands digit of 1589501857?
0
What is the millions digit of 114510139?
4
What is the billions digit of 1313635486?
1
What is the hundreds digit of 27435446?
4
What is the hundreds digit of 14425484?
4
What is the ten thousands digit of 816596606?
9
What is the tens digit of 114866582?
8
What is the millions digit of 38433517?
8
What is the ten thousands digit of 569708940?
0
What is the ten millions digit of 127684831?
2
What is the millions digit of 95247815?
5
What is the tens digit of 399010986?
8
What is the ten thousands digit of 4549623438?
2
What is the tens digit of 6534631078?
7
What is the ten millions digit of 188354567?
8
What is the tens digit of 409557030?
3
What is the tens digit of 2728217308?
0
What is the ten thousands digit of 296380380?
8
What is the thousands digit of 397537283?
7
What is the ten millions digit of 214762403?
1
What is the units digit of 73673244?
4
What is the millions digit of 696735276?
6
What is the thousands digit of 499156701?
6
What is the thousands digit of 103847481?
7
What is the hundred thousands digit of 72852331?
8
What is the units digit of 40312312?
2
What is the hundreds digit of 389860416?
4
What is the thousands digit of 161914791?
4
What is the thousands digit of 16097175?
7
What is the units digit of 164860978?
8
What is the ten thousands digit of 328516490?
1
What is the units digit of 619640783?
3
What is the hundred millions digit of 2674138937?
6
What is the ten millions digit of 98548279?
9
What is the thousands digit of 664088999?
8
What is the tens digit of 6978905956?
5
What i